et g be 0*-1*2/4. Let y(p) = 1313*p - 2385*p + 3 + 1071*p. Give y(g).
3
Let w(h) be the third derivative of 11 + 2*h**2 + 0*h**4 - 1/60*h**5 + 7/6*h**3 + 0*h. What is w(0)?
7
Let u(p) = -54*p**3 + 1 + 5*p**3 + 2 - 3*p + 19*p**3 + 20*p**3. Determine u(1).
-10
Let h = 3187 + -3180. Let m(q) = -q**3 + 9*q**2 - 7*q + 4. What is m(h)?
53
Let t(n) = n**3 + 5*n**2 - 8*n - 6. Let a(z) = 5*z + 5 - 66*z**2 + 63*z**2 + 3 + 2*z. Let p be a(4). Let u(d) = 3*d + 30. Let q be u(p). Give t(q).
6
Suppose -12 = 4*t + 4*a, -a - 2 = 2*t + 1. Let i(x) = -143*x + 3 + 142*x + t. Let q be 2/5 + (-4)/10. What is i(q)?
3
Let x(c) = c**2 + 8*c + 9. Let l(n) = -n**3 - 20*n**2 - 14*n + 83. Let g be l(-19). Let h be g*-4*6/(-48). What is x(h)?
-3
Let s(x) = -x**3 - 11*x**2 - 24*x - 58. Suppose -3*r - 181*j + 183*j - 15 = 0, r + 4*j + 33 = 0. Determine s(r).
-4
Let s(z) = 19*z**2 - 2*z + 2. Suppose 35*c - 4 = 39*c - 4*a, -4*c + 2*a = 0. Give s(c).
19
Let s(b) = b**2 - 4*b - 3. Suppose l = 2*a - 322 - 177, 5*l - 768 = -3*a. Let r = a + -359. Let p be (-4)/28 + r/(-21). Give s(p).
2
Let g(i) = 2*i**3 - i**2 - 4*i - 3. Let u(r) = -45*r - 767. Let a be u(-17). What is g(a)?
-15
Let x(p) = -3*p**2 + 28*p + 9. Let h(c) = c**2 - 9*c - 3. Let f(d) = 10*h(d) + 3*x(d). Let y = -1 - -7. What is f(y)?
-3
Let x(w) = 9*w - 83. Let i(l) = -26*l + 247. Let j(k) = 2*i(k) + 7*x(k). Determine j(9).
12
Let r(o) = o + 15. Let j(t) = -29*t - 26*t + 82*t + 32 - 24*t. Let p(i) = 2*j(i) - 5*r(i). Let k = 3 + 2. What is p(k)?
-6
Let n(v) = 0 - 2*v + 4 + 0*v. Let y(i) = -i**2 - 967*i - 4808. Let d be y(-5). What is n(d)?
0
Let w(i) = -459*i**2 + 467*i**2 - 20*i + 17 - 2. Let d(n) = 14*n**2 - 39*n + 29. Let u(j) = -3*d(j) + 5*w(j). Give u(8).
-4
Let m(g) = 10*g - 12*g - g**2 + 3 - 2*g**2. Let b be m(-2). Let t(i) = -3*i - 9 - 2*i**2 + 14 + i**2 + 2. Determine t(b).
-3
Let a(f) be the second derivative of -f**3/3 + 31*f**2/2 - 390*f + 2. Determine a(18).
-5
Let u(x) = -694 - 746 - 742 + 2120 + 5*x. Give u(25).
63
Let j(k) = -17*k + 284. Suppose 3*n = -2*n - 3*r + 106, 20 = 2*n - 2*r. Determine j(n).
-5
Let n(f) = -3*f + 2*f - f**2 - 4*f - 11*f - 6 + 3*f. Let b(k) = 25*k + 23 - 10 - 4*k**2 + 6*k**2 + 2*k. Let q(w) = 4*b(w) + 9*n(w). Determine q(-6).
16
Let o(y) = 0*y - 13073*y**2 + 8*y - 4 - y + 13071*y**2. Suppose -4*w = -12 - 8. Calculate o(w).
-19
Suppose -5*o + 7 = -d, 4*o - 3*d + 8*d = 23. Let x(f) = f**o - 9 - 11 - 4 + 6*f + 4 + f. Determine x(-9).
-2
Let b(x) = -6*x + 25. Let m(y) = y - 5. Let r = 79 + -90. Let q(n) = r*m(n) - 2*b(n). Calculate q(-4).
1
Let f(k) = -k**3 + 34*k**2 + 34*k + 35. Suppose 17*w - 19*w - 30*w = -1120. Determine f(w).
0
Suppose 12*w = 8*w + 5*f + 3, -13 = -4*w - 5*f. Let n(b) = 37*b - 26. Let s(x) = -7*x + 5. Let j(u) = w*n(u) + 11*s(u). What is j(8)?
-21
Suppose -2*f - y + 49 = 4*y, -5*f - 3*y + 113 = 0. Suppose f = -4*g + 42. Let p(i) = -i**2 + 7. What is p(g)?
-18
Let o(i) = i**2 + 5*i + 9. Let y be o(-4). Let z(f) = -4 + 12 - y - 6. Let x(v) = v + 5. Let k(d) = 3*x(d) + 5*z(d). Calculate k(-1).
-3
Let z(c) = 7*c - 15*c - c**2 - 3*c + 6 + 6*c + 0*c**2. Let y(o) be the third derivative of -5*o**4/24 + 5*o**3/6 - 12*o**2. Let i be y(2). Calculate z(i).
6
Let d(b) = 59433*b - 29691*b - 29738*b + 7. Suppose 4*s = -p - 0*s + 2, 3*p + 3*s - 15 = 0. Suppose p = -5*a - 24. Determine d(a).
-17
Let r(d) = 5*d**3 + 4*d**2 + 9*d + 4. Let z(f) = 32*f**3 + 24*f**2 + 55*f + 19. Let b(i) = 13*r(i) - 2*z(i). Calculate b(-4).
-14
Let g(q) = -q**2 + 3*q + 4. Suppose 0 = 2*y - 2*z + 4, 3*y + 2*y - z - 6 = 0. Suppose -4*a + 28 - 2 = y*n, 0 = a - 4. What is g(n)?
-6
Let r(k) = -210 + 7*k + 422 - 213. Let j(p) = -6*p + 2. Let u(c) = 3*j(c) + 4*r(c). Determine u(-2).
-18
Suppose l = q, 4*l = 6*q - q. Let r(o) = -o**3 + 4 + 14*o**2 + 14 + q + 0 - 2*o. What is r(14)?
-10
Suppose -h - 118 = -124. Let c(i) = -7*i**3 - i**2 + 6*i - 8. Let p(b) = -b**3 + b - 1. Let o(t) = h*p(t) - c(t). What is o(0)?
2
Let g(i) = -i - 6. Suppose -3*b = 3*m + 5 + 13, -8 = 2*b + 4*m. Let j = -1004 + 1001. Let k be j + 7 + b - 3. What is g(k)?
1
Let x(f) = -f**3 - 22*f**2 + f + 28. Let w be x(-22). Let b(p) = p + 2 + w - 16. Give b(14).
6
Let m = -121 + 327. Suppose 0 = -2*n - 212 + m. Let x(z) be the first derivative of z**2/2 - 2*z + 1. Calculate x(n).
-5
Let u(g) = -2*g**3 - 3*g. Let m(i) = -7*i**3 + 10*i**2 - 26*i - 20. Let n(l) = m(l) - 4*u(l). Determine n(-11).
13
Let x(a) = 1. Let b(o) be the second derivative of -o**3/6 - 7*o**2 - 402*o. Suppose 2*m + 3 = 1. Let s(j) = m*b(j) + 3*x(j). Give s(-8).
9
Let p(c) = -33*c**2 + 16*c + 56. Let v(o) = -35*o**2 + 14*o + 48. Let a(s) = 6*p(s) - 7*v(s). Determine a(1).
45
Let k(s) be the third derivative of s**4/8 + 2*s**3/3 + 400*s**2. Let u be (-24)/5*(-10)/4. Suppose -2*j - 2*j - u = 0. What is k(j)?
-5
Let g(i) = 23*i**3 - 2*i**2 - 7*i - 11. Let x(a) = -12*a**3 + a**2 + 3*a + 5. Let p(h) = 4*g(h) + 9*x(h). Let l be (-28)/126*18/(-4). Calculate p(l).
-15
Let m(u) = -1. Let r(y) = 3. Let j(g) = 11*m(g) + 4*r(g). Let t(s) = 2*s - 8. Let q be (-28)/182*78/(-12). Let i(b) = q*t(b) + 3*j(b). Calculate i(7).
9
Let c(d) = -d + 24*d + 1 + 23*d - 7*d. Let o = -12144 + 12145. Give c(o).
40
Let n(c) = 3*c + 2. Suppose -4*w + 2*h = 3*h - 105, 3*w + 5*h - 100 = 0. Let m = w + -33. Let r = m - -3. Determine n(r).
-13
Suppose 2*f = 4*k - 36, -87 = -3*k - f - 80. Let s(h) = -10*h + 4. Give s(k).
-46
Let v(w) = -2*w**2 - 12*w - 1. Let k = 91 - -14. Suppose 40*p - 19*p = -k. Calculate v(p).
9
Suppose 3*k - 4 = 2, -5*y - 5*k = -100. Let u be ((-42)/(-63))/(4/y). Suppose -5*n - 6 = h + 6, -u*n = 3. Let b(g) = -g**2 - 6*g. Calculate b(h).
-7
Suppose 0 = -5*o - 2*v + 10 + 29, -3*v = 5*o - 41. Let i(z) be the third derivative of -z**3 + 0 + 0*z + 1/24*z**4 - 319*z**2. What is i(o)?
1
Let w(j) = -j - 212 + 98 + 101 - 3*j. Let a be w(-6). Let o(r) = -r**2 + 10*r + 2. What is o(a)?
-9
Let y(z) = -z**2 + 12*z - 5. Let i = -637 - -862. Let t = 231 - i. What is y(t)?
31
Let l(h) = 3*h + 7*h - 3 + 6*h - 15*h. Let x be (296/10)/(4/(-10)). Let b = x - -68. Determine l(b).
-9
Let w(t) = 13*t - 1. Let v(y) = 2*y**2 + 23*y - 281. Let d be v(-19). What is w(d)?
51
Let z(t) = -9*t + 6. Let c be -2*7/(126/(-27)). Give z(c).
-21
Suppose 7*c - 56 + 35 = 0. Suppose -2*u - 2*g = -11 - 15, c*u = 2*g + 19. Let y(a) = a**2 - 11*a + 6. Calculate y(u).
-12
Let b(l) = -3*l - 15. Let g(f) = 2*f + 8. Suppose -1 = -4*i - 21, -4*o + 5*i = -37. Let q(w) = o*b(w) + 5*g(w). Determine q(5).
0
Let m(o) = 4*o**2 - 2*o - 3. Let f(u) = 7*u**2 - 5*u - 5. Let g(q) = 3*f(q) - 5*m(q). Let t be 1 + -7 + 15 + -4. Determine g(t).
0
Let a(f) = f**3 - 5*f**2 - 8*f + 18. Suppose -8*v + 480 = 72*v. Calculate a(v).
6
Let y = -12730 - -12721. Let n(d) = -d**3 - 10*d**2 - 8*d + 14. Calculate n(y).
5
Let l(x) be the first derivative of -4*x**3/3 + 19*x**2 + 13*x - 5838. Determine l(10).
-7
Let w(o) = -5*o**3 + 1. Let v be 1/2 - ((-83295)/18)/5. Suppose 5*k = -931 + v. What is w(k)?
6
Let n(v) = -v**3 - 5*v**2 + 2*v + 11. Let q = 2999 - 3002. Calculate n(q).
-13
Suppose 13 = -2*u + 3. Let m(x) be the second derivative of 0 + 1/2*x**3 + 7/2*x**2 + 6*x. Give m(u).
-8
Let y(t) = -8*t**2 + 2*t - 1. Let p be (10/(-15))/((-43)/21 - -2). Suppose -2*w - p = 5*f, -f - 3*w + 0*w - 8 = 0. Let n = 3 + f. Calculate y(n).
-7
Let t(f) = f - f + 3 + 0 - 4*f. Suppose 146*d = -147 - 437. Calculate t(d).
19
Let c(i) = -13*i**2 - i. Let h be 80/100 - (152/(-10) + -2). Let r be (-17)/(1377/h) + (-428)/18. Let u = r + 25. Calculate c(u).
-14
Suppose -2*q = -q - 11. Let z(m) = 239267 - 22*m - 119649 + 50*m - 119636 - 27*m. Determine z(q).
-7
Let c(g) = g**2 - 13*g + 53. Suppose 4*b + 28 = 6*b - 3*s, -3*s + 28 = 5*b. Give c(b).
13
Suppose -4*a + 5*n = 12, -3*a + 29*n - 24*n = 14. Let m(d) = 12*d**2 + 2*d - 2. Give m(a).
50
Let j(f) = f**2 - 11*f - 8. Let s(w) = w**2 - 13*w - 941. Let t be s(-25). Calculate j(t).
-26
Suppose 0 = -7*y + 72 - 1192. Let c = 156 + y. Let r(l) = 3*l**2 + 4*l - 1. Give r(c).
31
Let f(r) = -38*r + 10. Let o(k) = -12*k + 3. Let t(q) = 2*f(q) - 7*o(q). Let l(n) = 2*n - 1. Let g(w) = -6*l(w) + 2*t(w). Calculate g(-2).
-4
Let z(i) be the third derivative of 1/24*i**4 + 0*i - 5*i**2 + 0 + 1/6*i**3. Let p be -4 - (1 + (-12)/1). Calculate z(p